Let k be 2 + 3 + 0 - 0. Let s(m) = 3*m. Let w(n) = 4*n. Let c(p) = k*s(p) - 4*w(p). What is c(1)?
-1
Suppose -4*j + 4 = -2*j. Let y(h) be the first derivative of j - 4*h**2 - 4 + 3*h**2 - 1. Determine y(-2).
4
Let m(s) be the first derivative of -s**4/2 + 2*s**3/3 + 2*s - 38. Determine m(2).
-6
Suppose -p = 2*p + 5*s - 12, 0 = 3*p + 4*s - 12. Let t be 16/3 + 1/(-3). Let r(z) = 2*z + 0*z + 7*z - t*z - z**2. Give r(p).
0
Let d(g) = 2*g - 1. Let h be d(-2). Let s(x) = -7*x + 15. Let n(q) = 4*q - 8. Let c(k) = -11*n(k) - 6*s(k). Calculate c(h).
8
Let z(w) = w**3 - w**2 - 2*w - 1. Let q be 2 + 3 + 1 + -2. Let o = 2 - q. Give z(o).
-9
Let q(x) = x**2 + 3. Let y(m) = m**3 - 4*m**2 - 2. Let l be y(4). Let b = 2 + l. Give q(b).
3
Let u(o) = 4*o + 2. Let j = 15 + -12. Suppose 2*b + j = -1. Calculate u(b).
-6
Let d(t) = -t**2 + 3*t + 3. Let u(i) = i**2 - 4*i - 3. Let z(y) = 7*d(y) + 6*u(y). Give z(-4).
-1
Let q(t) = -2*t - 3. Let o(a) = -a - 8. Let c be o(-9). Let w be 1 + -3 + (-2)/c. Determine q(w).
5
Let b(q) be the third derivative of -q**7/840 - q**6/72 - q**4/8 + q**3/6 - 2*q**2. Let y(o) be the first derivative of b(o). What is y(-5)?
-3
Let q(v) = -7*v + v + 3*v. Let o be q(-1). Let t(y) = y**2 + y. Let u(k) = 4*k**2 + 3*k - 1. Let z(p) = 7*t(p) - 2*u(p). Calculate z(o).
-4
Let z(q) = -q - 2. Suppose 0 = -b - 3*b - 4*d + 8, 4*b + 2*d = 0. Determine z(b).
0
Let c = -24 + 35. Let h(b) = -5*b**3 - 15*b**2 + 15*b - 26. Let g(n) = n**3 + 3*n**2 - 3*n + 5. Let s(t) = c*g(t) + 2*h(t). Determine s(-4).
-1
Let j(r) = r**3 + 4*r**2 + 1. Let x be (11 - 0)/((-1)/(-1)). Let t = 6 - x. Let a = t - -2. Determine j(a).
10
Let j(h) = -h**3 - 6*h**2 + h - 2. Suppose 4 + 6 = -2*c, -c + 1 = -d. Calculate j(d).
-8
Suppose 2*o + 2 = 3*o. Let n(b) = -1 + 1 - 4*b**o. Let z be n(1). Let v(d) = -d**3 - 3*d**2 + 3*d - 5. Calculate v(z).
-1
Let p(x) be the third derivative of x**7/5040 + x**6/60 - x**5/30 - x**2. Let l(y) be the third derivative of p(y). What is l(-5)?
7
Let r(q) = q - 3. Let y(a) = -2*a + 5. Let p(d) = 5*r(d) + 2*y(d). Give p(-6).
-11
Let y = -2 - 0. Let s be y/4 - (-7)/(-2). Let h = 6 + s. Let w(f) = f**3 - 2*f**2 - 2*f + 3. What is w(h)?
-1
Let r(q) be the third derivative of -q**4/12 + q**3/2 - q**2. Let a be 5 + (-3 - (1 + -4)). Give r(a).
-7
Let g(u) = u - 3. Let h(v) = 4*v - 8. Let c(s) = 7*g(s) - 2*h(s). Suppose 3*o = -o + 16. Let m = 0 - o. Determine c(m).
-1
Let k(h) = -3 + 15*h - 2*h + 2. What is k(-1)?
-14
Let p(s) = -s**2 - 6*s - 4. Let u be ((-18)/(-30))/((-1)/(-15)). Let i = 3 - u. Calculate p(i).
-4
Let u(v) = 3*v**3 + 3*v**2 - v + 3. Let z(p) = -16*p**3 - 14*p**2 + 6*p - 15. Let t(n) = -11*u(n) - 2*z(n). What is t(-5)?
2
Let c be 135/25 - (-2)/(-5). Let l(w) = -c*w**2 + 5*w**2 - 4*w**3 + 1 + 5*w**3. Give l(0).
1
Let v(t) = -8*t**3 + 1. Let s(u) = u**2 - 7*u + 5. Let m be s(7). Let o be 35/25 + (-2)/m. Give v(o).
-7
Let w(o) be the second derivative of -o**7/840 - o**6/180 + o**5/120 + o**3/6 - 6*o. Let a(i) be the second derivative of w(i). Determine a(-2).
-2
Let z(d) = -d**2 + 6*d - 2. Let u = 9 - 4. Let g = 9 - u. Suppose -t - g = -2*t. What is z(t)?
6
Let i(y) be the second derivative of y**3/3 + y**2/2 + y. Let o(h) = -h**3. Let t be o(0). Suppose -4*k = 4*l + 16, k + 4*l + 0*l + 19 = t. Give i(k).
3
Let b(o) be the third derivative of -5*o**2 + 0*o + 0 + 7/6*o**3 + 1/24*o**4 - 1/60*o**5. Calculate b(0).
7
Let r(o) = -2*o**2 + 2*o - 1. Let f = -4 - -4. Let k = -2 + f. Let u be 0 - 2*1/k. What is r(u)?
-1
Let u(z) be the second derivative of 0 - z**2 - 1/12*z**4 - z + 5/6*z**3. Suppose 0 = n + n - 8. Calculate u(n).
2
Let g(y) = y - 1. Let b(r) = r**2 + 2*r - 2. Let j be b(-3). Let c = -3 - j. Let i = 7 + c. Determine g(i).
2
Let w(y) = 2*y**3 - y**2 + y. Let q = -24 + 25. Determine w(q).
2
Let t(c) = 4*c. Let i be 2/8 - 15/(-4). Suppose -l - i = -3*l. Suppose 4*x - l*x = 2. What is t(x)?
4
Let l(z) = -3*z + 10. Let o(x) = x + 19. Let f be o(-12). Give l(f).
-11
Suppose 6*y = 4*y + 14. Let b(w) = w**2 - 8*w + 8. What is b(y)?
1
Let z(w) = 3 - 4*w + 0*w - 1. Let i(b) = 6*b - 3. Let h(x) = 5*i(x) + 8*z(x). Determine h(-1).
3
Let g(x) be the second derivative of x**4/12 - 7*x**3/6 - x**2/2 + x. Let a(u) be the first derivative of g(u). Let k = -29 - -34. Give a(k).
3
Let u = 3 - -2. Let y(v) = -5*v**2 + 5*v + 2. Let g(x) = -4*x**2 + 5*x + 2. Let r(m) = u*y(m) - 6*g(m). Calculate r(-5).
-2
Let f(k) = k**3 - 2*k**2 - 2*k - 1. Let t be f(3). Suppose -v + t + 1 = 0. Let p(x) = x - 3. Calculate p(v).
0
Let c(d) be the first derivative of d**2/2 + 6*d - 6. Calculate c(6).
12
Let j(h) = -h**3 + h**2 - 3*h + 2. Let z = -15 - -32. Let l = 19 - z. What is j(l)?
-8
Let f(d) = 2*d - 37. Let o(g) be the second derivative of g**3/6 - 9*g**2 - 3*g. Let j(s) = -6*f(s) + 13*o(s). Let z = 11 + -6. Calculate j(z).
-7
Let f(d) = -4*d - 3*d + 5*d - 3. Suppose 0 = 6*y + 3*y - 36. Give f(y).
-11
Let p(u) be the third derivative of 1/120*u**6 - 1/30*u**5 + 2/3*u**3 + 0*u - 1/12*u**4 + 0 + 2*u**2. Calculate p(3).
7
Let y(d) = 2*d**3 - 10*d**2 + 15*d + 3. Let q(s) = -s**3 + 5*s**2 - 7*s - 1. Let g(k) = -9*q(k) - 4*y(k). Calculate g(4).
-7
Let w(v) = v**3 + 2*v**2 - v + 1. Let a be w(-2). Let l(f) = -4*f**3 - 13 + 5*f**3 - 3*f + 16 - 2*f**2. Give l(a).
3
Let m(u) be the third derivative of u**5/60 - u**4/24 - 4*u**3/3 - 2*u**2. Let n(l) = l**3 + l**2 - 2*l. Let h be n(-2). Determine m(h).
-8
Let c(d) = 2 + 13*d**2 - 3*d**2 - 11*d**2 - 2*d. Determine c(-3).
-1
Let a(o) = -5*o - 6. Let u(l) = 2*l + 3. Let x(j) = -3*a(j) - 7*u(j). Let y be -1*(-5)/((-15)/(-6)). Let w = y - -2. Calculate x(w).
1
Let u(j) = -j - 6 + 3 + 4. Let s(h) = h. Suppose 9*x = 6*x - 12. Let q be s(x). Calculate u(q).
5
Suppose w = -3*w + 4. Let h(g) be the third derivative of 0*g**3 + 0*g + 2*g**2 + 1/24*g**4 + 0. What is h(w)?
1
Let d(u) = -u. Let c(m) = -6*m + 1. Let n(i) = c(i) - 5*d(i). Let l = 14 + -12. Let p be l/(-4) + (-1)/2. Give n(p).
2
Let z be -1*1*6/(-2). Suppose -z*f + 5 = -7. Let n(i) = i**2 - 6*i - 5*i**3 + 4*i**3 + f*i**2 + 1. Give n(4).
-7
Let o(d) = -d**2 - 3*d - 2. Suppose -3*m = 6 + 3. Give o(m).
-2
Let y(p) = 2 + 1 - 3 + 8*p + 1. Calculate y(-1).
-7
Let m(a) = -8*a**2 + 1 + 4*a**2 + 7*a**2 + 12*a**2. Give m(1).
16
Let v(g) = g**2 + 4*g + 3. Let x(h) = -h**2 + h + 5. Let s be x(0). Suppose 2*l + 4 = 0, -5*u - 5*l + s - 25 = 0. Give v(u).
-1
Let a(m) be the second derivative of 1/20*m**5 - 3/2*m**2 + 5*m + 0 + 1/12*m**4 - 1/3*m**3. Give a(-2).
-3
Let o(m) = -m**3 - 3*m**2 - 2*m - 1. Suppose 2*d = -2 - 4. Let w be o(d). Suppose 4*t - 5*n + 5 = -t, w*t - 4*n = -7. Let i(c) = -c**2 - 2*c + 3. What is i(t)?
0
Let i(m) = 2*m**2 - 7*m + 3. Let h(j) = -5*j**2 + 20*j - 9. Let f(x) = -3*h(x) - 8*i(x). Let y = 8 - 12. Determine f(y).
3
Let b(k) be the third derivative of 0 - 1/8*k**4 - 2/3*k**3 + 3*k**2 + 0*k. What is b(-3)?
5
Let k(u) = -u + 4*u - u - u. Suppose x = -2*x. Let l(h) = h**3 - h**2 - h. Let o be l(x). What is k(o)?
0
Let k(g) = g**3 + 2*g**2 + 1. Let d be (-6)/18 - (-46)/(-6). Let v = -10 - d. Determine k(v).
1
Let o(s) be the second derivative of 0 - 1/3*s**3 + 0*s**2 + s. Suppose i = 4*l + 2, 3*i - 4*l + 5*l = 6. Determine o(i).
-4
Suppose -11*l = -63 - 3. Let i(d) = 1 + 62 + 3*d - 13. Let t(n) = -n - 17. Let g(s) = l*i(s) + 17*t(s). Determine g(-6).
5
Let t(d) = d + 6. Let o(m) = -m**3 - 3*m**2 + 6*m + 3. Let c be o(-4). Give t(c).
1
Let w = 8 - 5. Let j(o) = -9*o**w - 7*o**2 - 1 + 0*o + 6*o**2 - 2*o. Give j(-1).
9
Suppose 0 = -2*w + 5*k - 25, w + 25 = -4*w + 5*k. Let n(z) = w + 2*z + 0. Suppose -3*r + 28 = -5*u, -5*r + 4*u + 15 + 10 = 0. Calculate n(r).
2
Let a = -2 + 4. Let c(g) = g - g + 3*g**2 - 7*g**a - 3*g - 6 - g**3. What is c(-4)?
6
Let j(k) be the first derivative of -k**3 - k**2 + k - 25. Calculate j(-2).
-7
Suppose 0 = -2*n - 2*u + 3 + 3, 11 = 3*n + 5*u. Suppose -n*r = 3 - 15. Let z(f) = f**2 - 7*f. Determine z(r).
-6
Suppose -5*a + a = -28. Let z = a + -5. Let h(q) = 0*q**z + q + 6*q**3 + 4 + 4*q**2 - 5*q**3. Give h(-3).
10
Let p(b) = 5*b + 1. Let z(q) = -5*q - 2. Let n(y) = 3*p(y) + 2*z(y). Let m = 2 + 0. Suppose 0*o - 4*o + 8 = -3*g, -5*o - 13 = m*g. Determine n(o).
-6
Let k(m) = -m**3 - 6*m**2 + m - 7. Let j be (12/(-14))/((-2)/(-14)). Give k(j).
-13
